{"id":2788,"date":"2016-02-21T09:52:47","date_gmt":"2016-02-21T07:52:47","guid":{"rendered":"http:\/\/www.clairmarais.net\/wordpress\/?page_id=2788"},"modified":"2025-11-27T09:24:41","modified_gmt":"2025-11-27T08:24:41","slug":"bibliotheque","status":"publish","type":"page","link":"http:\/\/www.clairmarais.net\/wordpress\/animation-culture\/bibliotheque\/","title":{"rendered":"Biblioth\u00e8que"},"content":{"rendered":"<p><a href=\"http:\/\/www.clairmarais.net\/wordpress\/wp-content\/2016\/02\/logo-biblioth\u00e8que.png\" rel=\"attachment wp-att-2790\"><img loading=\"lazy\" decoding=\"async\" class=\"aligncenter size-medium wp-image-2790\" src=\"http:\/\/www.clairmarais.net\/wordpress\/wp-content\/2016\/02\/logo-biblioth\u00e8que-300x156.png\" alt=\"logo biblioth\u00e8que\" width=\"300\" height=\"156\" srcset=\"http:\/\/www.clairmarais.net\/wordpress\/wp-content\/2016\/02\/logo-biblioth\u00e8que-300x156.png 300w, http:\/\/www.clairmarais.net\/wordpress\/wp-content\/2016\/02\/logo-biblioth\u00e8que-768x399.png 768w, http:\/\/www.clairmarais.net\/wordpress\/wp-content\/2016\/02\/logo-biblioth\u00e8que-1024x532.png 1024w, http:\/\/www.clairmarais.net\/wordpress\/wp-content\/2016\/02\/logo-biblioth\u00e8que.png 1037w\" sizes=\"auto, (max-width: 300px) 100vw, 300px\" \/><\/a><\/p>\n<h1><span style=\"color: #339966;\">Elle est ouverte:<\/span><\/h1>\n<h1><span style=\"color: #339966;\">&#8211; le mercredi matin de 10h00 \u00e0 12h00<\/span><\/h1>\n<h1><span style=\"color: #339966;\"> &#8211; le mercredi apr\u00e8s-midi de 14h30 \u00e0 17h00<\/span><\/h1>\n<h1><span style=\"color: #339966;\">&#8211; le vendredi apr\u00e8s-midi de 16h00 \u00e0 18h00<\/span><\/h1>\n<h1><span style=\"color: #339966;\">&#8211; le samedi matin de 10h00 \u00e0 12h00<\/span><\/h1>\n\n\n<p>Nous contacter:<\/p>\n\n\n\n<p>par courriel: <a href=\"mailto:bibliotheque.clairmarais@outlook.com\" target=\"_blank\" rel=\"noreferrer noopener\">bibliotheque.clairmarais@outlook.com<\/a><\/p>\n\n\n\n<p>par t\u00e9l\u00e9phone: 03 21 93 29 33<\/p>\n","protected":false},"excerpt":{"rendered":"<p>Elle est ouverte: &#8211; le mercredi matin de 10h00 \u00e0 12h00 &#8211; le mercredi apr\u00e8s-midi de 14h30 \u00e0 17h00 &#8211; le vendredi apr\u00e8s-midi de 16h00 \u00e0 18h00 &#8211; le samedi matin de 10h00 \u00e0 12h00 Nous contacter: par courriel: bibliotheque.clairmarais@outlook.com par t\u00e9l\u00e9phone: 03 21 93 29 33<\/p>\n","protected":false},"author":1,"featured_media":2853,"parent":2951,"menu_order":0,"comment_status":"closed","ping_status":"closed","template":"","meta":{"footnotes":""},"class_list":["post-2788","page","type-page","status-publish","has-post-thumbnail"],"_links":{"self":[{"href":"http:\/\/www.clairmarais.net\/wordpress\/wp-json\/wp\/v2\/pages\/2788","targetHints":{"allow":["GET"]}}],"collection":[{"href":"http:\/\/www.clairmarais.net\/wordpress\/wp-json\/wp\/v2\/pages"}],"about":[{"href":"http:\/\/www.clairmarais.net\/wordpress\/wp-json\/wp\/v2\/types\/page"}],"author":[{"embeddable":true,"href":"http:\/\/www.clairmarais.net\/wordpress\/wp-json\/wp\/v2\/users\/1"}],"replies":[{"embeddable":true,"href":"http:\/\/www.clairmarais.net\/wordpress\/wp-json\/wp\/v2\/comments?post=2788"}],"version-history":[{"count":11,"href":"http:\/\/www.clairmarais.net\/wordpress\/wp-json\/wp\/v2\/pages\/2788\/revisions"}],"predecessor-version":[{"id":7027,"href":"http:\/\/www.clairmarais.net\/wordpress\/wp-json\/wp\/v2\/pages\/2788\/revisions\/7027"}],"up":[{"embeddable":true,"href":"http:\/\/www.clairmarais.net\/wordpress\/wp-json\/wp\/v2\/pages\/2951"}],"wp:featuredmedia":[{"embeddable":true,"href":"http:\/\/www.clairmarais.net\/wordpress\/wp-json\/wp\/v2\/media\/2853"}],"wp:attachment":[{"href":"http:\/\/www.clairmarais.net\/wordpress\/wp-json\/wp\/v2\/media?parent=2788"}],"curies":[{"name":"wp","href":"https:\/\/api.w.org\/{rel}","templated":true}]}}