{"id":5850,"date":"2024-01-12T19:04:09","date_gmt":"2024-01-12T17:04:09","guid":{"rendered":"https:\/\/www.clairmarais.net\/wordpress\/?page_id=5850"},"modified":"2026-03-24T18:09:05","modified_gmt":"2026-03-24T17:09:05","slug":"alsh-printemps25","status":"publish","type":"page","link":"http:\/\/www.clairmarais.net\/wordpress\/action-sociale-jeunesse\/accueil-de-loisirs-sans-herbergement\/alsh-printemps25\/","title":{"rendered":"Printemps 2026"},"content":{"rendered":"\n<div class=\"wp-block-file\"><a id=\"wp-block-file--media-6590a898-8ee1-4d5e-984d-1bd540adda11\" href=\"http:\/\/www.clairmarais.net\/wordpress\/wp-content\/2026\/03\/ALSH-AVRIL.pdf\" target=\"_blank\" rel=\"noreferrer noopener\">FICHE D&rsquo;INSCRIPTION et PROGRAMME &#8211; ALSH PRINTEMPS 2026 &#8211; A d\u00e9poser au plus tard le 28 mars 2026<\/a><a href=\"http:\/\/www.clairmarais.net\/wordpress\/wp-content\/2026\/03\/ALSH-AVRIL.pdf\" class=\"wp-block-file__button wp-element-button\" download aria-describedby=\"wp-block-file--media-6590a898-8ee1-4d5e-984d-1bd540adda11\">T\u00e9l\u00e9charger<\/a><\/div>\n\n\n\n<p><\/p>\n\n\n\n<p>Un dossier d&rsquo;inscription complet est \u00e0 fournir avec la premi\u00e8re inscription de l&rsquo;ann\u00e9e.<\/p>\n\n\n\n<p><\/p>\n","protected":false},"excerpt":{"rendered":"<p>Un dossier d&rsquo;inscription complet est \u00e0 fournir avec la premi\u00e8re inscription de l&rsquo;ann\u00e9e.<\/p>\n","protected":false},"author":1,"featured_media":0,"parent":2805,"menu_order":0,"comment_status":"closed","ping_status":"closed","template":"","meta":{"footnotes":""},"class_list":["post-5850","page","type-page","status-publish"],"_links":{"self":[{"href":"http:\/\/www.clairmarais.net\/wordpress\/wp-json\/wp\/v2\/pages\/5850","targetHints":{"allow":["GET"]}}],"collection":[{"href":"http:\/\/www.clairmarais.net\/wordpress\/wp-json\/wp\/v2\/pages"}],"about":[{"href":"http:\/\/www.clairmarais.net\/wordpress\/wp-json\/wp\/v2\/types\/page"}],"author":[{"embeddable":true,"href":"http:\/\/www.clairmarais.net\/wordpress\/wp-json\/wp\/v2\/users\/1"}],"replies":[{"embeddable":true,"href":"http:\/\/www.clairmarais.net\/wordpress\/wp-json\/wp\/v2\/comments?post=5850"}],"version-history":[{"count":9,"href":"http:\/\/www.clairmarais.net\/wordpress\/wp-json\/wp\/v2\/pages\/5850\/revisions"}],"predecessor-version":[{"id":7205,"href":"http:\/\/www.clairmarais.net\/wordpress\/wp-json\/wp\/v2\/pages\/5850\/revisions\/7205"}],"up":[{"embeddable":true,"href":"http:\/\/www.clairmarais.net\/wordpress\/wp-json\/wp\/v2\/pages\/2805"}],"wp:attachment":[{"href":"http:\/\/www.clairmarais.net\/wordpress\/wp-json\/wp\/v2\/media?parent=5850"}],"curies":[{"name":"wp","href":"https:\/\/api.w.org\/{rel}","templated":true}]}}