{"id":5909,"date":"2024-01-27T16:56:27","date_gmt":"2024-01-27T14:56:27","guid":{"rendered":"https:\/\/www.clairmarais.net\/wordpress\/?page_id=5909"},"modified":"2024-02-27T13:49:24","modified_gmt":"2024-02-27T12:49:24","slug":"inondations-soutien-aux-activites","status":"publish","type":"page","link":"http:\/\/www.clairmarais.net\/wordpress\/inondations-soutien-aux-activites\/","title":{"rendered":"Inondations &#8211; Soutien aux activit\u00e9s"},"content":{"rendered":"\n<h2 class=\"wp-block-heading\"><span style=\"text-decoration: underline;\">Franchise professionnelle (ajout le 08\/02\/24)<\/span><\/h2>\n\n\n\n<p>Les inondations et coul\u00e9es de boue ont \u00e9galement impact\u00e9 l\u2019activit\u00e9 des entreprises du territoire. Voil\u00e0 pourquoi les Hauts-de-France ont d\u00e9cid\u00e9 d\u2019apporter un soutien financier sp\u00e9cifique \u00e0 ces acteurs \u00e9conomiques sinistr\u00e9s (pr\u00e8s de 450 entreprises) pour leur permettre de reprendre et\/ou poursuivre leur activit\u00e9.<\/p>\n\n\n\n<p>Cette aide exceptionnelle prend la forme d\u2019une subvention d\u2019investissement pour les d\u00e9penses de r\u00e9fection ou de remplacement des biens endommag\u00e9s non prises en charge int\u00e9gralement par l\u2019assurance du fait de la franchise. Son montant est fix\u00e9 \u00e0 50&nbsp;% du montant de la franchise support\u00e9e par l\u2019entreprise, sans pouvoir d\u00e9passer un montant maximum de subvention de 5 000 euros.<\/p>\n\n\n\n<p><strong>D\u00e9posez votre demande d\u2019aide en ligne avant fin 2024<\/strong><\/p>\n\n\n\n<p>Pour en b\u00e9n\u00e9ficier, les entreprises concern\u00e9es doivent d\u00e9poser leur dossier de demande avec toutes les pi\u00e8ces n\u00e9cessaires, au plus tard le 31 d\u00e9cembre 2024, sur la plateforme d\u2019aide en ligne de la R\u00e9gion (<a href=\"http:\/\/www.aidesenligne.hautsdefrance.fr\/\">www.aidesenligne.hautsdefrance.fr<\/a>). Un mail (<a href=\"mailto:entreprises@hautsdefrance.fr\">entreprises@hautsdefrance.fr<\/a>) ainsi qu\u2019un&nbsp;N\u00b0&nbsp;vert (0 800 02 60 80)&nbsp;sont mis \u00e0 disposition pour plus d\u2019informations.<\/p>\n\n\n\n<p>Peuvent pr\u00e9tendre \u00e0 cette aide, les entreprises&nbsp;:<\/p>\n\n\n\n<ul class=\"wp-block-list\">\n<li>Localis\u00e9es sur une commune situ\u00e9e en p\u00e9rim\u00e8tre reconnu catastrophe naturelle en raisons des fortes pluies&nbsp;;<\/li>\n\n\n\n<li>Inscrites au Registre du Commerce et des Soci\u00e9t\u00e9s (RCS), Registre des M\u00e9tiers (RM) ou Registre national des entreprises (RNE)&nbsp;;<\/li>\n\n\n\n<li>\u00c0 jour de leurs obligations fiscales et sociales&nbsp;;<\/li>\n\n\n\n<li>\u00c0 l\u2019exclusion des Soci\u00e9t\u00e9s civiles immobili\u00e8res, Associations non inscrites au Registre du Commerce et des Soci\u00e9t\u00e9s (RCS) ou Registre des M\u00e9tiers (RM), activit\u00e9s agricoles, secteurs d\u2019activit\u00e9s ou cat\u00e9gories d\u2019aides exclues par les r\u00e9gimes d\u2019aides sur lesquels s\u2019appuie le pr\u00e9sent cadre d\u2019intervention.<\/li>\n<\/ul>\n\n\n\n<p>&#8212;&#8212;&#8212;&#8212;&#8212;&#8212;&#8212;&#8212;&#8212;&#8212;&#8212;&#8212;&#8212;&#8212;&#8212;&#8212;&#8212;&#8212;&#8212;&#8212;&#8212;&#8212;&#8212;&#8212;&#8212;&#8212;&#8212;&#8212;&#8212;&#8212;&#8212;&#8212;&#8212;&#8212;&#8212;&#8212;&#8212;&#8212;-<\/p>\n\n\n\n<p><strong><span style=\"text-decoration: underline;\">OUVERTURE DE L&rsquo;OUTIL DE TELEDECLARATION DES DEMANDES D&rsquo;INDEMNISATION POUR PERTE DE RECOLTE ET CALAMITE AGRICOLE ET\/OU PERTE DE FOND<\/span><\/strong><\/p>\n\n\n\n<p><a href=\"https:\/\/www.pas-de-calais.gouv.fr\/Actions-de-l-Etat\/Agriculture-developpement-rural\/Economie-agricole\/Calamites-agricoles\/Calamite-agricole\">PREFECTURE 62 &#8211; DEMANDES D&rsquo;INDEMNISATION POUR PERTE DE RECOLTE ET CALAMITE AGRICOLE<\/a><\/p>\n\n\n\n<p>&#8212;&#8212;&#8212;&#8212;&#8212;&#8212;&#8212;&#8212;&#8212;&#8212;&#8212;&#8212;&#8212;&#8212;&#8212;&#8212;&#8212;&#8212;&#8212;&#8212;&#8212;&#8212;&#8212;&#8212;&#8212;&#8212;&#8212;&#8212;&#8212;&#8212;&#8212;&#8212;&#8212;&#8212;&#8212;&#8212;&#8212;&#8212;-<\/p>\n\n\n\n<p><strong><span style=\"text-decoration: underline;\">PROTECTION DES ACTIVITES<\/span><\/strong><\/p>\n\n\n\n<div class=\"wp-block-file\"><a id=\"wp-block-file--media-3136872d-0676-414d-8043-3b8fee8255e8\" href=\"https:\/\/www.clairmarais.net\/wordpress\/wp-content\/2024\/01\/Fiche-batardeaux-activites-et-batiments-publics-25012024.pdf\" target=\"_blank\" rel=\"noreferrer noopener\">Fiche batardeaux &#8211; activit\u00e9s et batiments publics-25012024<\/a><a href=\"https:\/\/www.clairmarais.net\/wordpress\/wp-content\/2024\/01\/Fiche-batardeaux-activites-et-batiments-publics-25012024.pdf\" class=\"wp-block-file__button wp-element-button\" download aria-describedby=\"wp-block-file--media-3136872d-0676-414d-8043-3b8fee8255e8\">T\u00e9l\u00e9charger<\/a><\/div>\n\n\n\n<p>&#8212;&#8212;&#8212;&#8212;&#8212;&#8212;&#8212;&#8212;&#8212;&#8212;&#8212;&#8212;&#8212;&#8212;&#8212;&#8212;&#8212;&#8212;&#8212;&#8212;&#8212;&#8212;&#8212;&#8212;&#8212;&#8212;&#8212;&#8212;&#8212;&#8212;&#8212;&#8212;&#8212;&#8212;&#8212;&#8212;&#8212;&#8212;-<\/p>\n\n\n\n<p><strong><u>CHAMBRE DES METIERS ET DE L\u2019ARTISANAT &#8211; SOUTIEN FINANCIER<\/u><\/strong><\/p>\n\n\n\n<p>La Chambre de M\u00e9tiers et de l\u2019Artisanat dispose de 2 fonds de soutien financier qui peuvent \u00eatre mobilis\u00e9s si besoin pour venir en soutien de <strong>commer\u00e7ants et artisans<\/strong> en situation difficile.<\/p>\n\n\n\n<p><em>Pour plus de renseignements, contacter Monsieur Godart au 03.21.21.05.45.<\/em><\/p>\n\n\n\n<p>&#8212;&#8212;&#8212;&#8212;&#8212;&#8212;&#8212;&#8212;&#8212;&#8212;&#8212;&#8212;&#8212;&#8212;&#8212;&#8212;&#8212;&#8212;&#8212;&#8212;&#8212;&#8212;&#8212;&#8212;&#8212;&#8212;&#8212;&#8212;&#8212;&#8212;&#8212;&#8212;&#8212;&#8212;&#8212;&#8212;&#8212;&#8212;-<\/p>\n\n\n\n<p><strong><u>URSSAF <\/u><\/strong><strong><u>&#8211;<\/u><\/strong><strong><u> AIDE AUX EMPLOYEURS ET INDEPENDANTS<\/u><\/strong><\/p>\n\n\n\n<p>L\u2019Urssaf active des mesures d\u2019urgence pour accompagner <strong>aux employeurs et ind\u00e9pendants<\/strong> dont l\u2019activit\u00e9 a \u00e9t\u00e9 affect\u00e9e par les r\u00e9centes intemp\u00e9ries (report d\u2019\u00e9ch\u00e9ances, d\u00e9lai de paiement, aide d\u2019urgence, \u2026 )<\/p>\n\n\n\n<p><em>Pour plus de renseignements, contacter le 3698.<\/em><\/p>\n\n\n\n<p>&#8212;&#8212;&#8212;&#8212;&#8212;&#8212;&#8212;&#8212;&#8212;&#8212;&#8212;&#8212;&#8212;&#8212;&#8212;&#8212;&#8212;&#8212;&#8212;&#8212;&#8212;&#8212;&#8212;&#8212;&#8212;&#8212;&#8212;&#8212;&#8212;&#8212;&#8212;&#8212;&#8212;&#8212;&#8212;&#8212;&#8212;&#8212;-<\/p>\n\n\n\n<p><strong><u>PREFECTURE DU PAS DE CALAIS &#8211; AIDE AUX ENTREPRISES<\/u><\/strong><\/p>\n\n\n\n<p>Le recours \u00e0 l\u2019activit\u00e9 partielle doit permettre aux <strong>entreprises employant des salari\u00e9s<\/strong> de b\u00e9n\u00e9ficier, dans des d\u00e9lais tr\u00e8s courts, d\u2019une aide pour faire face temporairement \u00e0 l\u2019arr\u00eat d\u2019activit\u00e9 (industrielle, commerciale, agricole &#8230; ) li\u00e9 aux inondations.<\/p>\n\n\n\n<p><em>Pour plus de renseignements, contacter la DDETS au 03 61 47 36 08.<\/em><\/p>\n\n\n\n<p>&#8212;&#8212;&#8212;&#8212;&#8212;&#8212;&#8212;&#8212;&#8212;&#8212;&#8212;&#8212;&#8212;&#8212;&#8212;&#8212;&#8212;&#8212;&#8212;&#8212;&#8212;&#8212;&#8212;&#8212;&#8212;&#8212;&#8212;&#8212;&#8212;&#8212;&#8212;&#8212;&#8212;&#8212;&#8212;&#8212;&#8212;&#8212;-<\/p>\n\n\n\n<p><strong><u>PREFECTURE DU PAS DE CALAIS &#8211; &nbsp;CELLULE DEDIEE AUX EXPLOITANTS AGRICOLES<\/u><\/strong> <\/p>\n\n\n\n<p>Les <strong>exploitants agricoles ou les professionnels de l\u2019agro-alimentaire<\/strong> qui rencontrent des probl\u00e9matiques urgentes \u00e0 r\u00e9soudre ou toutes questions relatives \u00e0 leur situation, peuvent contacter la cellule de crise<em> au 03 21 22 98 20<\/em>.<\/p>\n\n\n\n<p>&#8212;&#8212;&#8212;&#8212;&#8212;&#8212;&#8212;&#8212;&#8212;&#8212;&#8212;&#8212;&#8212;&#8212;&#8212;&#8212;&#8212;&#8212;&#8212;&#8212;&#8212;&#8212;&#8212;&#8212;&#8212;&#8212;&#8212;&#8212;&#8212;&#8212;&#8212;&#8212;&#8212;&#8212;&#8212;&#8212;&#8212;&#8212;-<\/p>\n\n\n<div class=\"wp-block-image\">\n<figure class=\"alignleft size-large is-resized\"><a href=\"https:\/\/www.clairmarais.net\/wordpress\/wp-content\/2023\/11\/Mde-1.png\"><img loading=\"lazy\" decoding=\"async\" width=\"1024\" height=\"782\" src=\"https:\/\/www.clairmarais.net\/wordpress\/wp-content\/2023\/11\/Mde-1-1024x782.png\" alt=\"\" class=\"wp-image-5785\" style=\"width:828px;height:auto\" srcset=\"http:\/\/www.clairmarais.net\/wordpress\/wp-content\/2023\/11\/Mde-1-1024x782.png 1024w, http:\/\/www.clairmarais.net\/wordpress\/wp-content\/2023\/11\/Mde-1-300x229.png 300w, http:\/\/www.clairmarais.net\/wordpress\/wp-content\/2023\/11\/Mde-1-768x587.png 768w, http:\/\/www.clairmarais.net\/wordpress\/wp-content\/2023\/11\/Mde-1.png 1050w\" sizes=\"auto, (max-width: 1024px) 100vw, 1024px\" \/><\/a><\/figure>\n<\/div>\n\n\n<p>&#8212;&#8212;&#8212;&#8212;&#8212;&#8212;&#8212;&#8212;&#8212;&#8212;&#8212;&#8212;&#8212;&#8212;&#8212;&#8212;&#8212;&#8212;&#8212;&#8212;&#8212;&#8212;&#8212;&#8212;&#8212;&#8212;&#8212;&#8212;&#8212;&#8212;&#8212;&#8212;&#8212;&#8212;&#8212;&#8212;&#8212;&#8212;-<\/p>\n\n\n\n<p><strong><u>MSA &#8211; &nbsp;CELLULE D&rsquo;AIDE PSHYCHOLOGIQUE<\/u><\/strong><\/p>\n\n\n\n<p>La MSA renforce son \u00e9coute via son num\u00e9ro unique, 0320002000, pour accompagner ses adh\u00e9rents sinistr\u00e9s et leur proposer des dispositifs de soutien psychologique, social ou financier.<\/p>\n","protected":false},"excerpt":{"rendered":"<p>Franchise professionnelle (ajout le 08\/02\/24) Les inondations et coul\u00e9es de boue ont \u00e9galement impact\u00e9 l\u2019activit\u00e9 des entreprises du territoire. Voil\u00e0 pourquoi les Hauts-de-France ont d\u00e9cid\u00e9 d\u2019apporter un soutien financier sp\u00e9cifique \u00e0 ces acteurs \u00e9conomiques sinistr\u00e9s (pr\u00e8s de 450 entreprises) pour leur permettre de reprendre et\/ou poursuivre leur activit\u00e9. Cette aide exceptionnelle prend la forme d\u2019une [&hellip;]<\/p>\n","protected":false},"author":1,"featured_media":0,"parent":0,"menu_order":0,"comment_status":"closed","ping_status":"closed","template":"","meta":{"footnotes":""},"class_list":["post-5909","page","type-page","status-publish"],"_links":{"self":[{"href":"http:\/\/www.clairmarais.net\/wordpress\/wp-json\/wp\/v2\/pages\/5909","targetHints":{"allow":["GET"]}}],"collection":[{"href":"http:\/\/www.clairmarais.net\/wordpress\/wp-json\/wp\/v2\/pages"}],"about":[{"href":"http:\/\/www.clairmarais.net\/wordpress\/wp-json\/wp\/v2\/types\/page"}],"author":[{"embeddable":true,"href":"http:\/\/www.clairmarais.net\/wordpress\/wp-json\/wp\/v2\/users\/1"}],"replies":[{"embeddable":true,"href":"http:\/\/www.clairmarais.net\/wordpress\/wp-json\/wp\/v2\/comments?post=5909"}],"version-history":[{"count":6,"href":"http:\/\/www.clairmarais.net\/wordpress\/wp-json\/wp\/v2\/pages\/5909\/revisions"}],"predecessor-version":[{"id":6009,"href":"http:\/\/www.clairmarais.net\/wordpress\/wp-json\/wp\/v2\/pages\/5909\/revisions\/6009"}],"wp:attachment":[{"href":"http:\/\/www.clairmarais.net\/wordpress\/wp-json\/wp\/v2\/media?parent=5909"}],"curies":[{"name":"wp","href":"https:\/\/api.w.org\/{rel}","templated":true}]}}

Inondations &#8211; Soutien aux activités

<h2 class="wp-block-heading"><span style="text-decoration: underline;">Franchise professionnelle (ajout le 08/02/24)</span></h2>



<p>Les inondations et coulées de boue ont également impacté l’activité des entreprises du territoire. Voilà pourquoi les Hauts-de-France ont décidé d’apporter un soutien financier spécifique à ces acteurs économiques sinistrés (près de 450 entreprises) pour leur permettre de reprendre et/ou poursuivre leur activité.</p>



<p>Cette aide exceptionnelle prend la forme d’une subvention d’investissement pour les dépenses de réfection ou de remplacement des biens endommagés non prises en charge intégralement par l’assurance du fait de la franchise. Son montant est fixé à 50&nbsp;% du montant de la franchise supportée par l’entreprise, sans pouvoir dépasser un montant maximum de subvention de 5 000 euros.</p>



<p><strong>Déposez votre demande d’aide en ligne avant fin 2024</strong></p>



<p>Pour en bénéficier, les entreprises concernées doivent déposer leur dossier de demande avec toutes les pièces nécessaires, au plus tard le 31 décembre 2024, sur la plateforme d’aide en ligne de la Région (<a href="http://www.aidesenligne.hautsdefrance.fr/">www.aidesenligne.hautsdefrance.fr</a>). Un mail (<a href="mailto:entreprises@hautsdefrance.fr">entreprises@hautsdefrance.fr</a>) ainsi qu’un&nbsp;N°&nbsp;vert (0 800 02 60 80)&nbsp;sont mis à disposition pour plus d’informations.</p>



<p>Peuvent prétendre à cette aide, les entreprises&nbsp;:</p>



<ul class="wp-block-list">
<li>Localisées sur une commune située en périmètre reconnu catastrophe naturelle en raisons des fortes pluies&nbsp;;</li>



<li>Inscrites au Registre du Commerce et des Sociétés (RCS), Registre des Métiers (RM) ou Registre national des entreprises (RNE)&nbsp;;</li>



<li>À jour de leurs obligations fiscales et sociales&nbsp;;</li>



<li>À l’exclusion des Sociétés civiles immobilières, Associations non inscrites au Registre du Commerce et des Sociétés (RCS) ou Registre des Métiers (RM), activités agricoles, secteurs d’activités ou catégories d’aides exclues par les régimes d’aides sur lesquels s’appuie le présent cadre d’intervention.</li>
</ul>



<p>&#8212;&#8212;&#8212;&#8212;&#8212;&#8212;&#8212;&#8212;&#8212;&#8212;&#8212;&#8212;&#8212;&#8212;&#8212;&#8212;&#8212;&#8212;&#8212;&#8212;&#8212;&#8212;&#8212;&#8212;&#8212;&#8212;&#8212;&#8212;&#8212;&#8212;&#8212;&#8212;&#8212;&#8212;&#8212;&#8212;&#8212;&#8212;-</p>



<p><strong><span style="text-decoration: underline;">OUVERTURE DE L&rsquo;OUTIL DE TELEDECLARATION DES DEMANDES D&rsquo;INDEMNISATION POUR PERTE DE RECOLTE ET CALAMITE AGRICOLE ET/OU PERTE DE FOND</span></strong></p>



<p><a href="https://www.pas-de-calais.gouv.fr/Actions-de-l-Etat/Agriculture-developpement-rural/Economie-agricole/Calamites-agricoles/Calamite-agricole">PREFECTURE 62 &#8211; DEMANDES D&rsquo;INDEMNISATION POUR PERTE DE RECOLTE ET CALAMITE AGRICOLE</a></p>



<p>&#8212;&#8212;&#8212;&#8212;&#8212;&#8212;&#8212;&#8212;&#8212;&#8212;&#8212;&#8212;&#8212;&#8212;&#8212;&#8212;&#8212;&#8212;&#8212;&#8212;&#8212;&#8212;&#8212;&#8212;&#8212;&#8212;&#8212;&#8212;&#8212;&#8212;&#8212;&#8212;&#8212;&#8212;&#8212;&#8212;&#8212;&#8212;-</p>



<p><strong><span style="text-decoration: underline;">PROTECTION DES ACTIVITES</span></strong></p>



<div class="wp-block-file"><a id="wp-block-file--media-3136872d-0676-414d-8043-3b8fee8255e8" href="https://www.clairmarais.net/wordpress/wp-content/2024/01/Fiche-batardeaux-activites-et-batiments-publics-25012024.pdf" target="_blank" rel="noreferrer noopener">Fiche batardeaux &#8211; activités et batiments publics-25012024</a><a href="https://www.clairmarais.net/wordpress/wp-content/2024/01/Fiche-batardeaux-activites-et-batiments-publics-25012024.pdf" class="wp-block-file__button wp-element-button" download aria-describedby="wp-block-file--media-3136872d-0676-414d-8043-3b8fee8255e8">Télécharger</a></div>



<p>&#8212;&#8212;&#8212;&#8212;&#8212;&#8212;&#8212;&#8212;&#8212;&#8212;&#8212;&#8212;&#8212;&#8212;&#8212;&#8212;&#8212;&#8212;&#8212;&#8212;&#8212;&#8212;&#8212;&#8212;&#8212;&#8212;&#8212;&#8212;&#8212;&#8212;&#8212;&#8212;&#8212;&#8212;&#8212;&#8212;&#8212;&#8212;-</p>



<p><strong><u>CHAMBRE DES METIERS ET DE L’ARTISANAT &#8211; SOUTIEN FINANCIER</u></strong></p>



<p>La Chambre de Métiers et de l’Artisanat dispose de 2 fonds de soutien financier qui peuvent être mobilisés si besoin pour venir en soutien de <strong>commerçants et artisans</strong> en situation difficile.</p>



<p><em>Pour plus de renseignements, contacter Monsieur Godart au 03.21.21.05.45.</em></p>



<p>&#8212;&#8212;&#8212;&#8212;&#8212;&#8212;&#8212;&#8212;&#8212;&#8212;&#8212;&#8212;&#8212;&#8212;&#8212;&#8212;&#8212;&#8212;&#8212;&#8212;&#8212;&#8212;&#8212;&#8212;&#8212;&#8212;&#8212;&#8212;&#8212;&#8212;&#8212;&#8212;&#8212;&#8212;&#8212;&#8212;&#8212;&#8212;-</p>



<p><strong><u>URSSAF </u></strong><strong><u>&#8211;</u></strong><strong><u> AIDE AUX EMPLOYEURS ET INDEPENDANTS</u></strong></p>



<p>L’Urssaf active des mesures d’urgence pour accompagner <strong>aux employeurs et indépendants</strong> dont l’activité a été affectée par les récentes intempéries (report d’échéances, délai de paiement, aide d’urgence, … )</p>



<p><em>Pour plus de renseignements, contacter le 3698.</em></p>



<p>&#8212;&#8212;&#8212;&#8212;&#8212;&#8212;&#8212;&#8212;&#8212;&#8212;&#8212;&#8212;&#8212;&#8212;&#8212;&#8212;&#8212;&#8212;&#8212;&#8212;&#8212;&#8212;&#8212;&#8212;&#8212;&#8212;&#8212;&#8212;&#8212;&#8212;&#8212;&#8212;&#8212;&#8212;&#8212;&#8212;&#8212;&#8212;-</p>



<p><strong><u>PREFECTURE DU PAS DE CALAIS &#8211; AIDE AUX ENTREPRISES</u></strong></p>



<p>Le recours à l’activité partielle doit permettre aux <strong>entreprises employant des salariés</strong> de bénéficier, dans des délais très courts, d’une aide pour faire face temporairement à l’arrêt d’activité (industrielle, commerciale, agricole &#8230; ) lié aux inondations.</p>



<p><em>Pour plus de renseignements, contacter la DDETS au 03 61 47 36 08.</em></p>



<p>&#8212;&#8212;&#8212;&#8212;&#8212;&#8212;&#8212;&#8212;&#8212;&#8212;&#8212;&#8212;&#8212;&#8212;&#8212;&#8212;&#8212;&#8212;&#8212;&#8212;&#8212;&#8212;&#8212;&#8212;&#8212;&#8212;&#8212;&#8212;&#8212;&#8212;&#8212;&#8212;&#8212;&#8212;&#8212;&#8212;&#8212;&#8212;-</p>



<p><strong><u>PREFECTURE DU PAS DE CALAIS &#8211; &nbsp;CELLULE DEDIEE AUX EXPLOITANTS AGRICOLES</u></strong> </p>



<p>Les <strong>exploitants agricoles ou les professionnels de l’agro-alimentaire</strong> qui rencontrent des problématiques urgentes à résoudre ou toutes questions relatives à leur situation, peuvent contacter la cellule de crise<em> au 03 21 22 98 20</em>.</p>



<p>&#8212;&#8212;&#8212;&#8212;&#8212;&#8212;&#8212;&#8212;&#8212;&#8212;&#8212;&#8212;&#8212;&#8212;&#8212;&#8212;&#8212;&#8212;&#8212;&#8212;&#8212;&#8212;&#8212;&#8212;&#8212;&#8212;&#8212;&#8212;&#8212;&#8212;&#8212;&#8212;&#8212;&#8212;&#8212;&#8212;&#8212;&#8212;-</p>


<div class="wp-block-image">
<figure class="alignleft size-large is-resized"><a href="https://www.clairmarais.net/wordpress/wp-content/2023/11/Mde-1.png"><img loading="lazy" decoding="async" width="1024" height="782" src="https://www.clairmarais.net/wordpress/wp-content/2023/11/Mde-1-1024x782.png" alt="" class="wp-image-5785" style="width:828px;height:auto" srcset="http://www.clairmarais.net/wordpress/wp-content/2023/11/Mde-1-1024x782.png 1024w, http://www.clairmarais.net/wordpress/wp-content/2023/11/Mde-1-300x229.png 300w, http://www.clairmarais.net/wordpress/wp-content/2023/11/Mde-1-768x587.png 768w, http://www.clairmarais.net/wordpress/wp-content/2023/11/Mde-1.png 1050w" sizes="auto, (max-width: 1024px) 100vw, 1024px" /></a></figure>
</div>


<p>&#8212;&#8212;&#8212;&#8212;&#8212;&#8212;&#8212;&#8212;&#8212;&#8212;&#8212;&#8212;&#8212;&#8212;&#8212;&#8212;&#8212;&#8212;&#8212;&#8212;&#8212;&#8212;&#8212;&#8212;&#8212;&#8212;&#8212;&#8212;&#8212;&#8212;&#8212;&#8212;&#8212;&#8212;&#8212;&#8212;&#8212;&#8212;-</p>



<p><strong><u>MSA &#8211; &nbsp;CELLULE D&rsquo;AIDE PSHYCHOLOGIQUE</u></strong></p>



<p>La MSA renforce son écoute via son numéro unique, 0320002000, pour accompagner ses adhérents sinistrés et leur proposer des dispositifs de soutien psychologique, social ou financier.</p>

<p>Franchise professionnelle (ajout le 08/02/24) Les inondations et coulées de boue ont également impacté l’activité des entreprises du territoire. Voilà pourquoi les Hauts-de-France ont décidé d’apporter un soutien financier spécifique à ces acteurs économiques sinistrés (près de 450 entreprises) pour leur permettre de reprendre et/ou poursuivre leur activité. Cette aide exceptionnelle prend la forme d’une [&hellip;]</p>
