{"id":6510,"date":"2024-12-24T15:59:56","date_gmt":"2024-12-24T14:59:56","guid":{"rendered":"http:\/\/www.clairmarais.net\/wordpress\/?page_id=6510"},"modified":"2026-01-20T17:13:54","modified_gmt":"2026-01-20T16:13:54","slug":"hiver-2025","status":"publish","type":"page","link":"http:\/\/www.clairmarais.net\/wordpress\/action-sociale-jeunesse\/accueil-de-loisirs-sans-herbergement\/hiver-2025\/","title":{"rendered":"Hiver 2026"},"content":{"rendered":"\n<p>&#8212;&#8212;&#8212;&#8212;&#8212;&#8212;&#8212;&#8212;&#8212;&#8212;&#8212;&#8212;&#8212;&#8212;&#8212;&#8212;&#8212;&#8212;&#8212;&#8212;&#8212;&#8212;&#8212;&#8212;&#8212;&#8212;&#8212;&#8212;&#8212;&#8212;&#8212;&#8212;&#8212;&#8212;&#8212;&#8212;<\/p>\n\n\n\n<div class=\"wp-block-file\"><a id=\"wp-block-file--media-7a0881f8-cf05-4ac1-ac9e-451d39618deb\" href=\"http:\/\/www.clairmarais.net\/wordpress\/wp-content\/2026\/01\/FICHE-DINSCRIPTION-ALSH-HIVER-2026.pdf\" target=\"_blank\" rel=\"noreferrer noopener\">FICHE D&rsquo;INSCRIPTION &#8211; ALSH HIVER 2026<\/a><a href=\"http:\/\/www.clairmarais.net\/wordpress\/wp-content\/2026\/01\/FICHE-DINSCRIPTION-ALSH-HIVER-2026.pdf\" class=\"wp-block-file__button wp-element-button\" download aria-describedby=\"wp-block-file--media-7a0881f8-cf05-4ac1-ac9e-451d39618deb\">T\u00e9l\u00e9charger<\/a><\/div>\n\n\n\n<div class=\"wp-block-file\"><a id=\"wp-block-file--media-08898085-0a46-48b7-867d-01090fdeb17a\" href=\"http:\/\/www.clairmarais.net\/wordpress\/wp-content\/2026\/01\/PLANNING-DES-ACTIVITES-FEVRIER-2026.pdf\" target=\"_blank\" rel=\"noreferrer noopener\">PLANNING DES ACTIVIT\u00c9S &#8211; F\u00c9VRIER 2026<\/a><a href=\"http:\/\/www.clairmarais.net\/wordpress\/wp-content\/2026\/01\/PLANNING-DES-ACTIVITES-FEVRIER-2026.pdf\" class=\"wp-block-file__button wp-element-button\" download aria-describedby=\"wp-block-file--media-08898085-0a46-48b7-867d-01090fdeb17a\">T\u00e9l\u00e9charger<\/a><\/div>\n\n\n\n<p>&#8212;&#8212;&#8212;&#8212;&#8212;&#8212;&#8212;&#8212;&#8212;&#8212;&#8212;&#8212;&#8212;&#8212;&#8212;&#8212;&#8212;&#8212;&#8212;&#8212;&#8212;&#8212;&#8212;&#8212;&#8212;&#8212;&#8212;&#8212;&#8212;&#8212;&#8212;&#8212;&#8212;&#8212;&#8212;&#8212;<\/p>\n\n\n\n<p>Attention : En d\u00e9but d&rsquo;ann\u00e9e, chaque dossier individuel doit \u00eatre renouvel\u00e9. Les \u00e9l\u00e9ments sont \u00e0 t\u00e9l\u00e9charger sur cette page : <a href=\"http:\/\/www.clairmarais.net\/wordpress\/action-sociale-jeunesse\/accueil-de-loisirs-sans-herbergement\/dossier-inscription\/\">http:\/\/www.clairmarais.net\/wordpress\/action-sociale-jeunesse\/accueil-de-loisirs-sans-herbergement\/dossier-inscription\/<\/a><\/p>\n\n\n\n<p>&#8212;&#8212;&#8212;&#8212;&#8212;&#8212;&#8212;&#8212;&#8212;&#8212;&#8212;&#8212;&#8212;&#8212;&#8212;&#8212;&#8212;&#8212;&#8212;&#8212;&#8212;&#8212;&#8212;&#8212;&#8212;&#8212;&#8212;&#8212;&#8212;&#8212;&#8212;&#8212;&#8212;&#8212;&#8212;&#8212;<\/p>\n","protected":false},"excerpt":{"rendered":"<p>&#8212;&#8212;&#8212;&#8212;&#8212;&#8212;&#8212;&#8212;&#8212;&#8212;&#8212;&#8212;&#8212;&#8212;&#8212;&#8212;&#8212;&#8212;&#8212;&#8212;&#8212;&#8212;&#8212;&#8212;&#8212;&#8212;&#8212;&#8212;&#8212;&#8212;&#8212;&#8212;&#8212;&#8212;&#8212;&#8212; &#8212;&#8212;&#8212;&#8212;&#8212;&#8212;&#8212;&#8212;&#8212;&#8212;&#8212;&#8212;&#8212;&#8212;&#8212;&#8212;&#8212;&#8212;&#8212;&#8212;&#8212;&#8212;&#8212;&#8212;&#8212;&#8212;&#8212;&#8212;&#8212;&#8212;&#8212;&#8212;&#8212;&#8212;&#8212;&#8212; Attention : En d\u00e9but d&rsquo;ann\u00e9e, chaque dossier individuel doit \u00eatre renouvel\u00e9. Les \u00e9l\u00e9ments sont \u00e0 t\u00e9l\u00e9charger sur cette page : http:\/\/www.clairmarais.net\/wordpress\/action-sociale-jeunesse\/accueil-de-loisirs-sans-herbergement\/dossier-inscription\/ &#8212;&#8212;&#8212;&#8212;&#8212;&#8212;&#8212;&#8212;&#8212;&#8212;&#8212;&#8212;&#8212;&#8212;&#8212;&#8212;&#8212;&#8212;&#8212;&#8212;&#8212;&#8212;&#8212;&#8212;&#8212;&#8212;&#8212;&#8212;&#8212;&#8212;&#8212;&#8212;&#8212;&#8212;&#8212;&#8212;<\/p>\n","protected":false},"author":1,"featured_media":0,"parent":2805,"menu_order":0,"comment_status":"closed","ping_status":"closed","template":"","meta":{"footnotes":""},"class_list":["post-6510","page","type-page","status-publish"],"_links":{"self":[{"href":"http:\/\/www.clairmarais.net\/wordpress\/wp-json\/wp\/v2\/pages\/6510","targetHints":{"allow":["GET"]}}],"collection":[{"href":"http:\/\/www.clairmarais.net\/wordpress\/wp-json\/wp\/v2\/pages"}],"about":[{"href":"http:\/\/www.clairmarais.net\/wordpress\/wp-json\/wp\/v2\/types\/page"}],"author":[{"embeddable":true,"href":"http:\/\/www.clairmarais.net\/wordpress\/wp-json\/wp\/v2\/users\/1"}],"replies":[{"embeddable":true,"href":"http:\/\/www.clairmarais.net\/wordpress\/wp-json\/wp\/v2\/comments?post=6510"}],"version-history":[{"count":6,"href":"http:\/\/www.clairmarais.net\/wordpress\/wp-json\/wp\/v2\/pages\/6510\/revisions"}],"predecessor-version":[{"id":7095,"href":"http:\/\/www.clairmarais.net\/wordpress\/wp-json\/wp\/v2\/pages\/6510\/revisions\/7095"}],"up":[{"embeddable":true,"href":"http:\/\/www.clairmarais.net\/wordpress\/wp-json\/wp\/v2\/pages\/2805"}],"wp:attachment":[{"href":"http:\/\/www.clairmarais.net\/wordpress\/wp-json\/wp\/v2\/media?parent=6510"}],"curies":[{"name":"wp","href":"https:\/\/api.w.org\/{rel}","templated":true}]}}