{"id":6830,"date":"2025-08-04T15:44:42","date_gmt":"2025-08-04T13:44:42","guid":{"rendered":"http:\/\/www.clairmarais.net\/wordpress\/?page_id=6830"},"modified":"2025-09-27T12:17:50","modified_gmt":"2025-09-27T10:17:50","slug":"travaux-rd-209","status":"publish","type":"page","link":"http:\/\/www.clairmarais.net\/wordpress\/travaux-rd-209\/","title":{"rendered":"Travaux RD 209"},"content":{"rendered":"<div class=\"wp-block-image is-style-rounded\">\n<figure class=\"aligncenter size-large is-resized\"><a href=\"http:\/\/www.clairmarais.net\/wordpress\/wp-content\/2025\/09\/infos-travaux.png\"><img loading=\"lazy\" decoding=\"async\" width=\"1024\" height=\"640\" src=\"http:\/\/www.clairmarais.net\/wordpress\/wp-content\/2025\/09\/infos-travaux-1024x640.png\" alt=\"\" class=\"wp-image-6903\" style=\"width:311px;height:auto\" srcset=\"http:\/\/www.clairmarais.net\/wordpress\/wp-content\/2025\/09\/infos-travaux-1024x640.png 1024w, http:\/\/www.clairmarais.net\/wordpress\/wp-content\/2025\/09\/infos-travaux-300x188.png 300w, http:\/\/www.clairmarais.net\/wordpress\/wp-content\/2025\/09\/infos-travaux-768x480.png 768w, http:\/\/www.clairmarais.net\/wordpress\/wp-content\/2025\/09\/infos-travaux-500x313.png 500w, http:\/\/www.clairmarais.net\/wordpress\/wp-content\/2025\/09\/infos-travaux.png 1200w\" sizes=\"auto, (max-width: 1024px) 100vw, 1024px\" \/><\/a><\/figure>\n<\/div>\n\n\n<div class=\"wp-block-file\"><a id=\"wp-block-file--media-992d0387-c732-4a81-9024-45d3369e9d3e\" href=\"http:\/\/www.clairmarais.net\/wordpress\/wp-content\/2025\/08\/2025-07-29-Presentation-Riverains-V3.pdf\" target=\"_blank\" rel=\"noreferrer noopener\">2025-07-29- Pr\u00e9sentation Riverains &#8211; V3<\/a><a href=\"http:\/\/www.clairmarais.net\/wordpress\/wp-content\/2025\/08\/2025-07-29-Presentation-Riverains-V3.pdf\" class=\"wp-block-file__button wp-element-button\" download aria-describedby=\"wp-block-file--media-992d0387-c732-4a81-9024-45d3369e9d3e\">T\u00e9l\u00e9charger<\/a><\/div>\n\n\n\n<hr class=\"wp-block-separator has-alpha-channel-opacity\"\/>\n\n\n\n<div class=\"wp-block-file\"><a id=\"wp-block-file--media-fdbfb1c1-2d33-4c98-9940-8bd9d2e5e49f\" href=\"http:\/\/www.clairmarais.net\/wordpress\/wp-content\/2025\/09\/Synoptique-chantier-D209.pdf\" target=\"_blank\" rel=\"noreferrer noopener\">Synoptique chantier D209<\/a><a href=\"http:\/\/www.clairmarais.net\/wordpress\/wp-content\/2025\/09\/Synoptique-chantier-D209.pdf\" class=\"wp-block-file__button wp-element-button\" download aria-describedby=\"wp-block-file--media-fdbfb1c1-2d33-4c98-9940-8bd9d2e5e49f\">T\u00e9l\u00e9charger<\/a><\/div>\n\n\n\n<p>Vous trouverez ci-avant le synoptique chantier reprenant les p\u00e9riodes et zones concern\u00e9es par les limitations de circulation par alternat et route barr\u00e9e.<\/p>\n\n\n\n<p>Ces informations sont donn\u00e9es \u00e0 titre indicatifs, certains changements ou modifications peuvent \u00eatre apport\u00e9es (nous vous tiendrons inform\u00e9s).<\/p>\n\n\n\n<p>Le principe de la vignette qui avait \u00e9t\u00e9 \u00e9voqu\u00e9 pr\u00e9c\u00e9demment a \u00e9t\u00e9 abandonn\u00e9 afin de clarifier les droits d&rsquo;acc\u00e8s.<\/p>\n\n\n\n<p>Les habitants des zones concern\u00e9es par les travaux auront acc\u00e8s \u00e0 leur maison lors des coupures compl\u00e8tes (route barr\u00e9e) le soir \u00e0 partir de 17h30 et jusqu&rsquo;\u00e0 7h30.<\/p>\n\n\n\n<hr class=\"wp-block-separator has-alpha-channel-opacity\"\/>\n\n\n\n<p><span style=\"text-decoration: underline;\">Informations chantier RD 209<\/span> <em>(mise \u00e0 jour 26\/09\/25)<\/em><\/p>\n\n\n\n<p><\/p>\n\n\n\n<div class=\"wp-block-file\"><a id=\"wp-block-file--media-35999d14-1122-482b-b3ec-5fd58f31a0ad\" href=\"http:\/\/www.clairmarais.net\/wordpress\/wp-content\/2025\/09\/travaux-RD-209-info-1.pdf\" target=\"_blank\" rel=\"noreferrer noopener\">travaux RD 209 &#8211; info 1<\/a><a href=\"http:\/\/www.clairmarais.net\/wordpress\/wp-content\/2025\/09\/travaux-RD-209-info-1.pdf\" class=\"wp-block-file__button wp-element-button\" download aria-describedby=\"wp-block-file--media-35999d14-1122-482b-b3ec-5fd58f31a0ad\">T\u00e9l\u00e9charger<\/a><\/div>\n\n\n\n<p><\/p>\n\n\n\n<ul class=\"wp-block-list\">\n<li>La r\u00e8gle pour les acc\u00e8s est l\u2019alternat g\u00e9r\u00e9 par feux.<\/li>\n\n\n\n<li>Seules deux coupures totales sont pr\u00e9vues (route barr\u00e9e, cf synoptique pour les zones).<\/li>\n<\/ul>\n\n\n\n<p><span style=\"text-decoration: underline;\">Toutes les informations qui suivent concernent la route barr\u00e9e<\/span><\/p>\n\n\n\n<p><span style=\"text-decoration: underline;\">Quand ?<\/span><\/p>\n\n\n\n<ul class=\"wp-block-list\">\n<li>1\u00e8re fermeture: du lundi 29 septembre au vendredi 31 octobre entre les ponts du foss\u00e9 du Roy et de Pierres.<\/li>\n\n\n\n<li>2\u00e8me fermeture: du lundi 17 novembre au vendredi 12 d\u00e9cembre entre le pont de Pierres et le virage de la longue l\u00e8gre.<\/li>\n<\/ul>\n\n\n\n<p><span style=\"text-decoration: underline;\">Ouverture \u00e0 la circulation<\/span><\/p>\n\n\n\n<ul class=\"wp-block-list\">\n<li>circulation coup\u00e9e sur la zone concern\u00e9e entre 7h30 et 17h30 (voir<br \/>synoptique pour localiser la zone)<\/li>\n\n\n\n<li>circulation ouverte le week-end (pendant toute la dur\u00e9e des travaux)<\/li>\n\n\n\n<li>pendant toute la dur\u00e9e des travaux: acc\u00e8s pi\u00e9tons et v\u00e9los sous la<br \/>responsabilit\u00e9 des usagers<\/li>\n<\/ul>\n\n\n\n<p><span style=\"text-decoration: underline;\">Services \u00e0 la population (pendant les deux fermetures)<\/span><\/p>\n\n\n\n<ul class=\"wp-block-list\">\n<li>Service collecte d\u00e9chets\/tri: service assur\u00e9 avant 7h30<\/li>\n\n\n\n<li>courrier: aucune d\u00e9cision de la poste malgr\u00e9 nos sollicitations<\/li>\n\n\n\n<li>service transport urbain : la ligne 5 aura son terminus \u00e0 la gare de Saint-Omer<\/li>\n\n\n\n<li>service de transport scolaire :\n<ul class=\"wp-block-list\">\n<li>pas d\u2019\u00e9volution les lundis, mardis, mercredis matin, jeudis et vendredis<\/li>\n\n\n\n<li>desserte adapt\u00e9e le mercredi midi (information diffus\u00e9e par m\u00e9l aux usagers par la Capso)<\/li>\n<\/ul>\n<\/li>\n<\/ul>\n\n\n\n<p><\/p>\n\n\n\n<p><\/p>\n","protected":false},"excerpt":{"rendered":"<p>Vous trouverez ci-avant le synoptique chantier reprenant les p\u00e9riodes et zones concern\u00e9es par les limitations de circulation par alternat et route barr\u00e9e. Ces informations sont donn\u00e9es \u00e0 titre indicatifs, certains changements ou modifications peuvent \u00eatre apport\u00e9es (nous vous tiendrons inform\u00e9s). Le principe de la vignette qui avait \u00e9t\u00e9 \u00e9voqu\u00e9 pr\u00e9c\u00e9demment a \u00e9t\u00e9 abandonn\u00e9 afin de [&hellip;]<\/p>\n","protected":false},"author":1,"featured_media":6903,"parent":0,"menu_order":0,"comment_status":"closed","ping_status":"closed","template":"","meta":{"footnotes":""},"class_list":["post-6830","page","type-page","status-publish","has-post-thumbnail"],"_links":{"self":[{"href":"http:\/\/www.clairmarais.net\/wordpress\/wp-json\/wp\/v2\/pages\/6830","targetHints":{"allow":["GET"]}}],"collection":[{"href":"http:\/\/www.clairmarais.net\/wordpress\/wp-json\/wp\/v2\/pages"}],"about":[{"href":"http:\/\/www.clairmarais.net\/wordpress\/wp-json\/wp\/v2\/types\/page"}],"author":[{"embeddable":true,"href":"http:\/\/www.clairmarais.net\/wordpress\/wp-json\/wp\/v2\/users\/1"}],"replies":[{"embeddable":true,"href":"http:\/\/www.clairmarais.net\/wordpress\/wp-json\/wp\/v2\/comments?post=6830"}],"version-history":[{"count":16,"href":"http:\/\/www.clairmarais.net\/wordpress\/wp-json\/wp\/v2\/pages\/6830\/revisions"}],"predecessor-version":[{"id":6911,"href":"http:\/\/www.clairmarais.net\/wordpress\/wp-json\/wp\/v2\/pages\/6830\/revisions\/6911"}],"wp:featuredmedia":[{"embeddable":true,"href":"http:\/\/www.clairmarais.net\/wordpress\/wp-json\/wp\/v2\/media\/6903"}],"wp:attachment":[{"href":"http:\/\/www.clairmarais.net\/wordpress\/wp-json\/wp\/v2\/media?parent=6830"}],"curies":[{"name":"wp","href":"https:\/\/api.w.org\/{rel}","templated":true}]}}

<div class="wp-block-image is-style-rounded">
<figure class="aligncenter size-large is-resized"><a href="http://www.clairmarais.net/wordpress/wp-content/2025/09/infos-travaux.png"><img loading="lazy" decoding="async" width="1024" height="640" src="http://www.clairmarais.net/wordpress/wp-content/2025/09/infos-travaux-1024x640.png" alt="" class="wp-image-6903" style="width:311px;height:auto" srcset="http://www.clairmarais.net/wordpress/wp-content/2025/09/infos-travaux-1024x640.png 1024w, http://www.clairmarais.net/wordpress/wp-content/2025/09/infos-travaux-300x188.png 300w, http://www.clairmarais.net/wordpress/wp-content/2025/09/infos-travaux-768x480.png 768w, http://www.clairmarais.net/wordpress/wp-content/2025/09/infos-travaux-500x313.png 500w, http://www.clairmarais.net/wordpress/wp-content/2025/09/infos-travaux.png 1200w" sizes="auto, (max-width: 1024px) 100vw, 1024px" /></a></figure>
</div>


<div class="wp-block-file"><a id="wp-block-file--media-992d0387-c732-4a81-9024-45d3369e9d3e" href="http://www.clairmarais.net/wordpress/wp-content/2025/08/2025-07-29-Presentation-Riverains-V3.pdf" target="_blank" rel="noreferrer noopener">2025-07-29- Présentation Riverains &#8211; V3</a><a href="http://www.clairmarais.net/wordpress/wp-content/2025/08/2025-07-29-Presentation-Riverains-V3.pdf" class="wp-block-file__button wp-element-button" download aria-describedby="wp-block-file--media-992d0387-c732-4a81-9024-45d3369e9d3e">Télécharger</a></div>



<hr class="wp-block-separator has-alpha-channel-opacity"/>



<div class="wp-block-file"><a id="wp-block-file--media-fdbfb1c1-2d33-4c98-9940-8bd9d2e5e49f" href="http://www.clairmarais.net/wordpress/wp-content/2025/09/Synoptique-chantier-D209.pdf" target="_blank" rel="noreferrer noopener">Synoptique chantier D209</a><a href="http://www.clairmarais.net/wordpress/wp-content/2025/09/Synoptique-chantier-D209.pdf" class="wp-block-file__button wp-element-button" download aria-describedby="wp-block-file--media-fdbfb1c1-2d33-4c98-9940-8bd9d2e5e49f">Télécharger</a></div>



<p>Vous trouverez ci-avant le synoptique chantier reprenant les périodes et zones concernées par les limitations de circulation par alternat et route barrée.</p>



<p>Ces informations sont données à titre indicatifs, certains changements ou modifications peuvent être apportées (nous vous tiendrons informés).</p>



<p>Le principe de la vignette qui avait été évoqué précédemment a été abandonné afin de clarifier les droits d&rsquo;accès.</p>



<p>Les habitants des zones concernées par les travaux auront accès à leur maison lors des coupures complètes (route barrée) le soir à partir de 17h30 et jusqu&rsquo;à 7h30.</p>



<hr class="wp-block-separator has-alpha-channel-opacity"/>



<p><span style="text-decoration: underline;">Informations chantier RD 209</span> <em>(mise à jour 26/09/25)</em></p>



<p></p>



<div class="wp-block-file"><a id="wp-block-file--media-35999d14-1122-482b-b3ec-5fd58f31a0ad" href="http://www.clairmarais.net/wordpress/wp-content/2025/09/travaux-RD-209-info-1.pdf" target="_blank" rel="noreferrer noopener">travaux RD 209 &#8211; info 1</a><a href="http://www.clairmarais.net/wordpress/wp-content/2025/09/travaux-RD-209-info-1.pdf" class="wp-block-file__button wp-element-button" download aria-describedby="wp-block-file--media-35999d14-1122-482b-b3ec-5fd58f31a0ad">Télécharger</a></div>



<p></p>



<ul class="wp-block-list">
<li>La règle pour les accès est l’alternat géré par feux.</li>



<li>Seules deux coupures totales sont prévues (route barrée, cf synoptique pour les zones).</li>
</ul>



<p><span style="text-decoration: underline;">Toutes les informations qui suivent concernent la route barrée</span></p>



<p><span style="text-decoration: underline;">Quand ?</span></p>



<ul class="wp-block-list">
<li>1ère fermeture: du lundi 29 septembre au vendredi 31 octobre entre les ponts du fossé du Roy et de Pierres.</li>



<li>2ème fermeture: du lundi 17 novembre au vendredi 12 décembre entre le pont de Pierres et le virage de la longue lègre.</li>
</ul>



<p><span style="text-decoration: underline;">Ouverture à la circulation</span></p>



<ul class="wp-block-list">
<li>circulation coupée sur la zone concernée entre 7h30 et 17h30 (voir<br />synoptique pour localiser la zone)</li>



<li>circulation ouverte le week-end (pendant toute la durée des travaux)</li>



<li>pendant toute la durée des travaux: accès piétons et vélos sous la<br />responsabilité des usagers</li>
</ul>



<p><span style="text-decoration: underline;">Services à la population (pendant les deux fermetures)</span></p>



<ul class="wp-block-list">
<li>Service collecte déchets/tri: service assuré avant 7h30</li>



<li>courrier: aucune décision de la poste malgré nos sollicitations</li>



<li>service transport urbain : la ligne 5 aura son terminus à la gare de Saint-Omer</li>



<li>service de transport scolaire :
<ul class="wp-block-list">
<li>pas d’évolution les lundis, mardis, mercredis matin, jeudis et vendredis</li>



<li>desserte adaptée le mercredi midi (information diffusée par mél aux usagers par la Capso)</li>
</ul>
</li>
</ul>



<p></p>



<p></p>

<p>Vous trouverez ci-avant le synoptique chantier reprenant les périodes et zones concernées par les limitations de circulation par alternat et route barrée. Ces informations sont données à titre indicatifs, certains changements ou modifications peuvent être apportées (nous vous tiendrons informés). Le principe de la vignette qui avait été évoqué précédemment a été abandonné afin de [&hellip;]</p>
