{"id":7287,"date":"2026-04-07T18:08:27","date_gmt":"2026-04-07T16:08:27","guid":{"rendered":"http:\/\/www.clairmarais.net\/wordpress\/?page_id=7287"},"modified":"2026-04-07T18:08:28","modified_gmt":"2026-04-07T16:08:28","slug":"arretes-prefectoraux","status":"publish","type":"page","link":"http:\/\/www.clairmarais.net\/wordpress\/arretes-prefectoraux\/","title":{"rendered":"Arr\u00eat\u00e9s pr\u00e9fectoraux"},"content":{"rendered":"\n<p><a href=\"http:\/\/www.clairmarais.net\/wordpress\/wp-content\/2024\/06\/PREFECTURE-62-ARRETE-PORTANT-EXTENSION-DE-PERIMETRE-DU-SYNDICAT-MIXTE-ESPACES-DEPARTEMENTAUX-NATURELS-62-EDEN-62.pdf\" target=\"_blank\" rel=\"noreferrer noopener\">PREFECTURE 62- ARRETE PORTANT EXTENSION DE PERIMETRE DU SYNDICAT MIXTE ESPACES DEPARTEMENTAUX NATURELS 62 (EDEN 62)<\/a><\/p>\n\n\n\n<hr class=\"wp-block-separator has-alpha-channel-opacity\"\/>\n\n\n\n<p><a href=\"http:\/\/www.clairmarais.net\/wordpress\/wp-content\/2024\/12\/l-accord-declaration-02122024.pdf\" target=\"_blank\" rel=\"noreferrer noopener\">PREF62 &#8211; Renaturation du Vieux Foss\u00e9 sur les communes de Arques et de Clairmarais<\/a><\/p>\n\n\n\n<hr class=\"wp-block-separator has-alpha-channel-opacity\"\/>\n\n\n\n<p><a href=\"http:\/\/www.clairmarais.net\/wordpress\/wp-content\/2023\/09\/APPB-62-Secteur1_Sainte-Aldegonde-20230713.pdf\" target=\"_blank\" rel=\"noreferrer noopener\">PREFECTURES 59-62 &#8211; ARRETE PREFECTORAL DE PROTECTION DU BIOTOPE &#8211; SECTEUR MARAIS SAINTE-ALDEGONDE<\/a><\/p>\n\n\n\n<p><a href=\"http:\/\/www.clairmarais.net\/wordpress\/wp-content\/2023\/09\/APPB-59-62_Secteur2-Cuvette-clairmarais-20230808.pdf\">PREFECTURES 59-62 &#8211; ARRETE PREFECTORAL DE PROTECTION DU BIOTOPE &#8211; SECTEUR CUVETTE DE CLAIRMARAIS &#8211; NIEURLET &#8211; NOORDPEENE<\/a><\/p>\n\n\n\n<p><a href=\"http:\/\/www.clairmarais.net\/wordpress\/wp-content\/2023\/09\/APPB-59-62_Secteur3_Romelaere-Canarderie-20230808.pdf\" target=\"_blank\" rel=\"noreferrer noopener\">PREFECTURES 59-62 &#8211; ARRETE PREFECTORAL DE PROTECTION DU BIOTOPE &#8211; SECTEUR LE ROMELAERE, LES MARAIS DE BOONEGHEM ET DE LA CANARDERIE<\/a><\/p>\n\n\n\n<p><a href=\"http:\/\/www.clairmarais.net\/wordpress\/wp-content\/2023\/09\/APPB-62-Secteur1_Sainte-Aldegonde-20230713.pdf\" target=\"_blank\" rel=\"noreferrer noopener\">PREFECTURES 59-62 &#8211; ARRETE PREFECTORAL DE PROTECTION DU BIOTOPE &#8211; SECTEUR LES MARAIS DU BACHELIN-TOURNIQUET ET DE SALPERWICK<\/a><\/p>\n\n\n\n<hr class=\"wp-block-separator has-alpha-channel-opacity\"\/>\n\n\n\n<p><a href=\"http:\/\/www.clairmarais.net\/wordpress\/wp-content\/2025\/08\/PREFECTURE-62-ARRETE-.pdf\" target=\"_blank\" rel=\"noreferrer noopener\">PREFECTURE 62 &#8211; Arr\u00eat\u00e9 relatif \u00e0 l&rsquo;ouverture et \u00e0 la cl\u00f4ture de la chasse pour la campagne 2025-2026<\/a><\/p>\n\n\n\n<p><a href=\"http:\/\/www.clairmarais.net\/wordpress\/wp-content\/2025\/08\/AP-modificatif-ouverture-chasse-grand-gibier-2025.pdf\" target=\"_blank\" rel=\"noreferrer noopener\">PREFECTURE 62 &#8211; Arr\u00eat\u00e9 modificatif d&rsquo;ouverture de la chasse au grand gibier 2025<\/a><\/p>\n\n\n\n<p><a href=\"http:\/\/www.clairmarais.net\/wordpress\/wp-content\/2024\/05\/3.pdf\" target=\"_blank\" rel=\"noreferrer noopener\">PREFECTURE 62 &#8211; ARRETE FIXANT LE PLAN DE CHASSE TRIENNAL CERVIDES 2024-2027 DANS LE DEPARTEMENT DU PAS-DE-CALAIS<\/a><\/p>\n\n\n\n<p><a href=\"http:\/\/www.clairmarais.net\/wordpress\/wp-content\/2025\/04\/ap-louvetiers-25-29.pdf\" target=\"_blank\" rel=\"noreferrer noopener\">PREFECTURE 62 &#8211; ARRETE PORTANT NOMINATION DES LIEUTENANTS DE LOUVETERIE 2025-2029<\/a><\/p>\n\n\n\n<p><a href=\"http:\/\/www.clairmarais.net\/wordpress\/wp-content\/2022\/10\/PREFECTURE-62-ARRETE-PORTANT-APPROBATION-DES-RESERVES-DE-CHASSE-ET-DE-FAUNE-SAUVAGE-SUR-LE-DOMAINE-PUBLIC-FLUVIAL.pdf\" target=\"_blank\" rel=\"noreferrer noopener\">PREFECTURE 62 &#8211; ARRETE PORTANT APPROBATION DES RESERVES DE CHASSE ET DE FAUNE SAUVAGE SUR LE DOMAINE PUBLIC FLUVIAL<\/a><\/p>\n\n\n\n<hr class=\"wp-block-separator has-alpha-channel-opacity\"\/>\n\n\n\n<p><a href=\"http:\/\/www.clairmarais.net\/wordpress\/wp-content\/2022\/10\/PREFECTURE-62-ARRETE-PREFECTORAL-AUTORISANT-IGN-A-PENETRER-DANS-PROPRIETES-PRIVEES.pdf\" target=\"_blank\" rel=\"noreferrer noopener\">PREFECTURE 62 &#8211; ARRETE PREFECTORAL AUTORISANT L&rsquo;IGN A PENETRER DANS LES PROPRIETES PRIVEES<\/a><\/p>\n\n\n\n<p><a href=\"http:\/\/www.clairmarais.net\/wordpress\/wp-content\/2025\/05\/Autorisation-2025.pdf\" target=\"_blank\" rel=\"noreferrer noopener\">PREFECTURE 62 &#8211; AUTORISATION A VNF DE PENETRER DANS LES PROPRIETES PRIVEES<\/a><\/p>\n\n\n\n<p><a href=\"http:\/\/www.clairmarais.net\/wordpress\/wp-content\/2026\/03\/20260310-AIP-signe-prorogation-PG-marais-Audomarois.pdf\" target=\"_blank\" rel=\"noreferrer noopener\">PREFECTURE 62 &#8211; ARRETE DE PROROGATION DU PLAN DE GESTION DES VOIES D&rsquo;EAU ET DES BERGES DU MARAIS AUDOMAROIS<\/a><\/p>\n","protected":false},"excerpt":{"rendered":"<p>PREFECTURE 62- ARRETE PORTANT EXTENSION DE PERIMETRE DU SYNDICAT MIXTE ESPACES DEPARTEMENTAUX NATURELS 62 (EDEN 62) PREF62 &#8211; Renaturation du Vieux Foss\u00e9 sur les communes de Arques et de Clairmarais PREFECTURES 59-62 &#8211; ARRETE PREFECTORAL DE PROTECTION DU BIOTOPE &#8211; SECTEUR MARAIS SAINTE-ALDEGONDE PREFECTURES 59-62 &#8211; ARRETE PREFECTORAL DE PROTECTION DU BIOTOPE &#8211; SECTEUR CUVETTE [&hellip;]<\/p>\n","protected":false},"author":1,"featured_media":0,"parent":0,"menu_order":0,"comment_status":"closed","ping_status":"closed","template":"","meta":{"footnotes":""},"class_list":["post-7287","page","type-page","status-publish"],"_links":{"self":[{"href":"http:\/\/www.clairmarais.net\/wordpress\/wp-json\/wp\/v2\/pages\/7287","targetHints":{"allow":["GET"]}}],"collection":[{"href":"http:\/\/www.clairmarais.net\/wordpress\/wp-json\/wp\/v2\/pages"}],"about":[{"href":"http:\/\/www.clairmarais.net\/wordpress\/wp-json\/wp\/v2\/types\/page"}],"author":[{"embeddable":true,"href":"http:\/\/www.clairmarais.net\/wordpress\/wp-json\/wp\/v2\/users\/1"}],"replies":[{"embeddable":true,"href":"http:\/\/www.clairmarais.net\/wordpress\/wp-json\/wp\/v2\/comments?post=7287"}],"version-history":[{"count":1,"href":"http:\/\/www.clairmarais.net\/wordpress\/wp-json\/wp\/v2\/pages\/7287\/revisions"}],"predecessor-version":[{"id":7289,"href":"http:\/\/www.clairmarais.net\/wordpress\/wp-json\/wp\/v2\/pages\/7287\/revisions\/7289"}],"wp:attachment":[{"href":"http:\/\/www.clairmarais.net\/wordpress\/wp-json\/wp\/v2\/media?parent=7287"}],"curies":[{"name":"wp","href":"https:\/\/api.w.org\/{rel}","templated":true}]}}

Arrêtés préfectoraux

<p><a href="http://www.clairmarais.net/wordpress/wp-content/2024/06/PREFECTURE-62-ARRETE-PORTANT-EXTENSION-DE-PERIMETRE-DU-SYNDICAT-MIXTE-ESPACES-DEPARTEMENTAUX-NATURELS-62-EDEN-62.pdf" target="_blank" rel="noreferrer noopener">PREFECTURE 62- ARRETE PORTANT EXTENSION DE PERIMETRE DU SYNDICAT MIXTE ESPACES DEPARTEMENTAUX NATURELS 62 (EDEN 62)</a></p>



<hr class="wp-block-separator has-alpha-channel-opacity"/>



<p><a href="http://www.clairmarais.net/wordpress/wp-content/2024/12/l-accord-declaration-02122024.pdf" target="_blank" rel="noreferrer noopener">PREF62 &#8211; Renaturation du Vieux Fossé sur les communes de Arques et de Clairmarais</a></p>



<hr class="wp-block-separator has-alpha-channel-opacity"/>



<p><a href="http://www.clairmarais.net/wordpress/wp-content/2023/09/APPB-62-Secteur1_Sainte-Aldegonde-20230713.pdf" target="_blank" rel="noreferrer noopener">PREFECTURES 59-62 &#8211; ARRETE PREFECTORAL DE PROTECTION DU BIOTOPE &#8211; SECTEUR MARAIS SAINTE-ALDEGONDE</a></p>



<p><a href="http://www.clairmarais.net/wordpress/wp-content/2023/09/APPB-59-62_Secteur2-Cuvette-clairmarais-20230808.pdf">PREFECTURES 59-62 &#8211; ARRETE PREFECTORAL DE PROTECTION DU BIOTOPE &#8211; SECTEUR CUVETTE DE CLAIRMARAIS &#8211; NIEURLET &#8211; NOORDPEENE</a></p>



<p><a href="http://www.clairmarais.net/wordpress/wp-content/2023/09/APPB-59-62_Secteur3_Romelaere-Canarderie-20230808.pdf" target="_blank" rel="noreferrer noopener">PREFECTURES 59-62 &#8211; ARRETE PREFECTORAL DE PROTECTION DU BIOTOPE &#8211; SECTEUR LE ROMELAERE, LES MARAIS DE BOONEGHEM ET DE LA CANARDERIE</a></p>



<p><a href="http://www.clairmarais.net/wordpress/wp-content/2023/09/APPB-62-Secteur1_Sainte-Aldegonde-20230713.pdf" target="_blank" rel="noreferrer noopener">PREFECTURES 59-62 &#8211; ARRETE PREFECTORAL DE PROTECTION DU BIOTOPE &#8211; SECTEUR LES MARAIS DU BACHELIN-TOURNIQUET ET DE SALPERWICK</a></p>



<hr class="wp-block-separator has-alpha-channel-opacity"/>



<p><a href="http://www.clairmarais.net/wordpress/wp-content/2025/08/PREFECTURE-62-ARRETE-.pdf" target="_blank" rel="noreferrer noopener">PREFECTURE 62 &#8211; Arrêté relatif à l&rsquo;ouverture et à la clôture de la chasse pour la campagne 2025-2026</a></p>



<p><a href="http://www.clairmarais.net/wordpress/wp-content/2025/08/AP-modificatif-ouverture-chasse-grand-gibier-2025.pdf" target="_blank" rel="noreferrer noopener">PREFECTURE 62 &#8211; Arrêté modificatif d&rsquo;ouverture de la chasse au grand gibier 2025</a></p>



<p><a href="http://www.clairmarais.net/wordpress/wp-content/2024/05/3.pdf" target="_blank" rel="noreferrer noopener">PREFECTURE 62 &#8211; ARRETE FIXANT LE PLAN DE CHASSE TRIENNAL CERVIDES 2024-2027 DANS LE DEPARTEMENT DU PAS-DE-CALAIS</a></p>



<p><a href="http://www.clairmarais.net/wordpress/wp-content/2025/04/ap-louvetiers-25-29.pdf" target="_blank" rel="noreferrer noopener">PREFECTURE 62 &#8211; ARRETE PORTANT NOMINATION DES LIEUTENANTS DE LOUVETERIE 2025-2029</a></p>



<p><a href="http://www.clairmarais.net/wordpress/wp-content/2022/10/PREFECTURE-62-ARRETE-PORTANT-APPROBATION-DES-RESERVES-DE-CHASSE-ET-DE-FAUNE-SAUVAGE-SUR-LE-DOMAINE-PUBLIC-FLUVIAL.pdf" target="_blank" rel="noreferrer noopener">PREFECTURE 62 &#8211; ARRETE PORTANT APPROBATION DES RESERVES DE CHASSE ET DE FAUNE SAUVAGE SUR LE DOMAINE PUBLIC FLUVIAL</a></p>



<hr class="wp-block-separator has-alpha-channel-opacity"/>



<p><a href="http://www.clairmarais.net/wordpress/wp-content/2022/10/PREFECTURE-62-ARRETE-PREFECTORAL-AUTORISANT-IGN-A-PENETRER-DANS-PROPRIETES-PRIVEES.pdf" target="_blank" rel="noreferrer noopener">PREFECTURE 62 &#8211; ARRETE PREFECTORAL AUTORISANT L&rsquo;IGN A PENETRER DANS LES PROPRIETES PRIVEES</a></p>



<p><a href="http://www.clairmarais.net/wordpress/wp-content/2025/05/Autorisation-2025.pdf" target="_blank" rel="noreferrer noopener">PREFECTURE 62 &#8211; AUTORISATION A VNF DE PENETRER DANS LES PROPRIETES PRIVEES</a></p>



<p><a href="http://www.clairmarais.net/wordpress/wp-content/2026/03/20260310-AIP-signe-prorogation-PG-marais-Audomarois.pdf" target="_blank" rel="noreferrer noopener">PREFECTURE 62 &#8211; ARRETE DE PROROGATION DU PLAN DE GESTION DES VOIES D&rsquo;EAU ET DES BERGES DU MARAIS AUDOMAROIS</a></p>

<p>PREFECTURE 62- ARRETE PORTANT EXTENSION DE PERIMETRE DU SYNDICAT MIXTE ESPACES DEPARTEMENTAUX NATURELS 62 (EDEN 62) PREF62 &#8211; Renaturation du Vieux Fossé sur les communes de Arques et de Clairmarais PREFECTURES 59-62 &#8211; ARRETE PREFECTORAL DE PROTECTION DU BIOTOPE &#8211; SECTEUR MARAIS SAINTE-ALDEGONDE PREFECTURES 59-62 &#8211; ARRETE PREFECTORAL DE PROTECTION DU BIOTOPE &#8211; SECTEUR CUVETTE [&hellip;]</p>
