{"id":9,"date":"2007-11-18T11:26:04","date_gmt":"2007-11-18T09:26:04","guid":{"rendered":"http:\/\/www.clairmarais.net\/wordpress\/?p=1348"},"modified":"2022-12-27T19:24:36","modified_gmt":"2022-12-27T17:24:36","slug":"notre-village","status":"publish","type":"page","link":"http:\/\/www.clairmarais.net\/wordpress\/notre-village\/","title":{"rendered":"Notre village"},"content":{"rendered":"<p><span style=\"color: #355e00;\"><span style=\"font-family: Arial, sans-serif;\">Clairmarais, terre de d\u00e9couvertes et de rencontres, n\u2019a pas fini de vous \u00e9tonner !<\/span><\/span><\/p>\n<p><span style=\"color: #355e00;\"><span style=\"font-family: Arial, sans-serif;\">Id\u00e9alement situ\u00e9 en plein c\u0153ur du marais Audomarois, notre village vous permet \u00e9galement de profiter d\u2019une des plus belles for\u00eats domaniales de France.<\/span><\/span><\/p>\n<p><span style=\"color: #355e00;\"><span style=\"font-family: Arial, sans-serif;\">Clairmarais vous souhaite la bienvenue ! Vous trouverez en effet un accueil digne des gens du Nord et un savoir-faire indispensable \u00e0 la r\u00e9ussite de votre s\u00e9jour.<\/span><\/span><\/p>\n\n<div class=\"wp-block-image\">\n<figure class=\"aligncenter size-full\"><a href=\"http:\/\/www.clairmarais.net\/wordpress\/wp-content\/2013\/09\/gite-rolland.jpg\"><img loading=\"lazy\" decoding=\"async\" width=\"561\" height=\"415\" src=\"http:\/\/www.clairmarais.net\/wordpress\/wp-content\/2013\/09\/gite-rolland.jpg\" alt=\"\" class=\"wp-image-1920\" srcset=\"http:\/\/www.clairmarais.net\/wordpress\/wp-content\/2013\/09\/gite-rolland.jpg 561w, http:\/\/www.clairmarais.net\/wordpress\/wp-content\/2013\/09\/gite-rolland-300x221.jpg 300w\" sizes=\"auto, (max-width: 561px) 100vw, 561px\" \/><\/a><\/figure>\n<\/div>\n\n\n<p>Au programme, promenades en for\u00eat, randonn\u00e9es, \u00e9quitation, cuisine traditionnelle, visites du marais, activit\u00e9s sportives, remise en forme au centre de thalasso-esth\u00e9tique, d\u00e9couverte de notre patrimoine historique et naturel.. la liste est loin d\u2019\u00eatre exhaustive !<\/p>\n\n\n\n<p>Les activit\u00e9s propos\u00e9es vous raviront tout au long de l\u2019ann\u00e9e et pas seulement lors de la belle saison.<\/p>\n\n\n\n<p>Alors, n\u2019h\u00e9sitez pas et programmez la \u201cDestination Clairmarais\u201d\u2026<\/p>\n\n\n\n<p>Quelques donn\u00e9es g\u00e9ographiques<\/p>\n\n\n\n<ul class=\"wp-block-list\">\n<li>Superficie: 1801 ha 68 ares 06 centiares<\/li>\n\n\n\n<li>Altitude: 9,29 m au dessus de la mer<\/li>\n\n\n\n<li>Population totale: 611 (INSEE chiffres mill\u00e9sim\u00e9s 2020 &#8211; valables \u00e0 compter du 1er janvier 2023) -Population municipale: 600<\/li>\n\n\n\n<li>Touristes: plus de 500 000 visiteurs par an pour la for\u00eat \/ plus de 100 000 pour le marais !<\/li>\n\n\n\n<li>Habitants: les Clairmaraisiennes et les Clairmaraisiens<\/li>\n<\/ul>\n\n\n\n<p class=\"has-text-align-left\"><\/p>\n\n\n\n<p><\/p>\n\n\n\n<p><\/p>\n","protected":false},"excerpt":{"rendered":"<p>Clairmarais, terre de d\u00e9couvertes et de rencontres, n\u2019a pas fini de vous \u00e9tonner ! Id\u00e9alement situ\u00e9 en plein c\u0153ur du marais Audomarois, notre village vous permet \u00e9galement de profiter d\u2019une des plus belles for\u00eats domaniales de France. Clairmarais vous souhaite la bienvenue ! Vous trouverez en effet un accueil digne des gens du Nord et [&hellip;]<\/p>\n","protected":false},"author":1,"featured_media":0,"parent":0,"menu_order":1,"comment_status":"open","ping_status":"open","template":"","meta":{"footnotes":""},"class_list":["post-9","page","type-page","status-publish"],"_links":{"self":[{"href":"http:\/\/www.clairmarais.net\/wordpress\/wp-json\/wp\/v2\/pages\/9","targetHints":{"allow":["GET"]}}],"collection":[{"href":"http:\/\/www.clairmarais.net\/wordpress\/wp-json\/wp\/v2\/pages"}],"about":[{"href":"http:\/\/www.clairmarais.net\/wordpress\/wp-json\/wp\/v2\/types\/page"}],"author":[{"embeddable":true,"href":"http:\/\/www.clairmarais.net\/wordpress\/wp-json\/wp\/v2\/users\/1"}],"replies":[{"embeddable":true,"href":"http:\/\/www.clairmarais.net\/wordpress\/wp-json\/wp\/v2\/comments?post=9"}],"version-history":[{"count":20,"href":"http:\/\/www.clairmarais.net\/wordpress\/wp-json\/wp\/v2\/pages\/9\/revisions"}],"predecessor-version":[{"id":5172,"href":"http:\/\/www.clairmarais.net\/wordpress\/wp-json\/wp\/v2\/pages\/9\/revisions\/5172"}],"wp:attachment":[{"href":"http:\/\/www.clairmarais.net\/wordpress\/wp-json\/wp\/v2\/media?parent=9"}],"curies":[{"name":"wp","href":"https:\/\/api.w.org\/{rel}","templated":true}]}}